j = 6. What are the prime factors of j?
3
Suppose -7*g + 946 - 204 = 0. List the prime factors of g.
2, 53
What are the prime factors of (-2)/(-13) - (-29079)/351?
83
Suppose 753 = 3*f - 0*f. Suppose -3*p - 27 + f = -s, 5*p - 3*s - 380 = 0. Suppose -k - 10 = -4*a, -5*k - 5*a + 2 = -p. List the prime factors of k.
2, 5
Suppose 4*r + 7 = -3*f, 0 = 3*f + 2*r - 1. Let b(k) = 0*k + k**2 + 1 - f*k**2 + k**3 - k. List the prime factors of b(3).
7
Let h = 2 - 0. Suppose 0 = 3*i + h*i - 20. Let d = i - 2. What are the prime factors of d?
2
Let k = 19 + -5. Let r = -9 + k. What are the prime factors of r?
5
List the prime factors of 1191/5 + (-15)/75.
2, 7, 17
Let x = 188 + -132. Let w = x + -27. List the prime factors of w.
29
Suppose 0*z - 16 = -4*z. Suppose 4*p - 9 = 2*v + 5, -z*v = -3*p + 8. Suppose 3*s - p*s - 5 = 0, -51 = -3*k + 3*s. What are the prime factors of k?
2, 3
Let i = -6 - -16. List the prime factors of i.
2, 5
Let w(d) = -2*d**3 + d. Let n(f) = -f - 8. Let h be n(-6). What are the prime factors of w(h)?
2, 7
List the prime factors of (8 + 1086/(-12))/(3/(-4)).
2, 5, 11
Let x(k) = 2*k**2 - 3*k + 3. Let u be x(-4). Let p = -25 - 9. Let s = u + p. What are the prime factors of s?
13
Let d be 3 + -6 - -50 - 2. Suppose -6*s + s = -d. Let a = s - -3. List the prime factors of a.
2, 3
Let y = -812 + 1213. List the prime factors of y.
401
Suppose 25 = 5*s, -2*s + 26 = c + 3*s. Let w(k) = 24*k**3 - k + 1. What are the prime factors of w(c)?
2, 3
Let x(q) = 9*q - 17. What are the prime factors of x(8)?
5, 11
Suppose -5*m - 3 = -4*j, 6*j - 2*j - 2*m = -6. Suppose 3*c - 2 = -4*z + 6*z, -2 = -5*c + 4*z. List the prime factors of c*j/(-6)*11.
11
Let j be (0 + 21/(-12))*-4. Let b = j - 4. List the prime factors of b.
3
What are the prime factors of ((-4556)/85)/(2/(-5))?
2, 67
Suppose 2 = -4*l - 22. Let r = 4 - l. What are the prime factors of r?
2, 5
Let x = 479 - 336. What are the prime factors of x?
11, 13
List the prime factors of (25/2)/(7/28).
2, 5
Let m(n) = 4*n**2. Let c(t) = -t**2 + 9*t - 7. Let z be c(8). Let l be m(z). Suppose 3*d = 4*u - 36, -l*u + d + 36 = 2*d. List the prime factors of u.
3
Let n(h) = h**2 - 3*h + 1. What are the prime factors of n(-5)?
41
List the prime factors of (-11)/(4/52*-1).
11, 13
Let w(d) = d**3 - 5*d**2 - 2*d + 8. List the prime factors of w(6).
2
Let w(r) be the first derivative of -r**4/4 + 7*r**3/3 - 7*r**2/2 + 2*r - 1. Let x(d) = -d**2 - 4*d + 17. Let s be x(-6). List the prime factors of w(s).
17
Let h be (-11 + 1)*(-10)/20. Let d be (4/6)/(1/3). Suppose -4*z + z = -h*l - 37, 2*z - 22 = d*l. What are the prime factors of z?
3
Let q(g) = g**3 + 8*g**2 + 3*g - 3. Let i be q(-3). Suppose -4*w - 3 = -15, -2*h - 5*w = -i. List the prime factors of h.
3
Suppose 0 = 20*w - 12*w - 48. What are the prime factors of w?
2, 3
Let w = 22 + -19. Suppose -2*h + 5*h - 117 = 2*r, -w*h = 4*r - 117. What are the prime factors of h?
3, 13
Let n(i) = 5*i - 11*i + 71 + i**2 - 87 - 3*i. What are the prime factors of n(13)?
2, 3
Let r = -7 + 9. Suppose -r*l = -12 + 2. What are the prime factors of l?
5
List the prime factors of (-380)/50*10/(-4).
19
Suppose -5*b - q = -12, 5*b + q + q - 14 = 0. Let p = 27 + -24. Suppose 0 = -5*k, -2*k = -b*w + p*w - 8. List the prime factors of w.
2
Let r(y) = -y**2 + 8*y + 5. Let h be r(10). Let v = 6 - h. List the prime factors of v.
3, 7
Let v = 3 + -1. Suppose 2*o + v*o - 32 = 0. What are the prime factors of o?
2
Suppose 37 = 3*b - 305. List the prime factors of b.
2, 3, 19
Let g be 4/10 + 62/(-5). Let r(z) = -z**2 - 12*z + 11. List the prime factors of r(g).
11
Suppose 0 = f + 2 - 14. List the prime factors of f.
2, 3
Suppose 5*y + 115 = 5*v, -v - 5*y + 6 = 1. Suppose -4*m + 3*m + v = 0. List the prime factors of m.
2, 5
Suppose 0*a + 124 = 2*a - f, -3*a - 4*f + 186 = 0. What are the prime factors of a?
2, 31
Let q be ((-78)/12)/(2/(-4)). Let c = q + 2. What are the prime factors of c?
3, 5
Suppose -3*k = -3, 3*n - 5*k + 23 = 5*n. Suppose 0 = -3*t - a + n + 17, -2*a - 2 = 0. What are the prime factors of t?
3
Let b(s) = -s**3 + 4*s**2 - 3*s. Let a be b(3). Let t be -3 + 1 - (a - -1). Let k(o) = -o + 3. List the prime factors of k(t).
2, 3
Let n = 10 - 7. Suppose -2*p + n*c - 6*c + 33 = 0, -p - 3*c + 9 = 0. List the prime factors of p.
2, 3
What are the prime factors of 7*(2 + 0 + -1)?
7
Suppose 2*k + 2*g - 14 = k, g = 2. Let d = 15 - k. What are the prime factors of d?
5
Let g(s) = 15*s**2 - s**3 - 72 + 58 - 5*s - 5*s. List the prime factors of g(14).
2, 3, 7
Let f(d) = d**2 - 11*d + 2. Let b be f(11). Let n(c) = -3 + 3*c**2 + 2*c**2 - 4*c**b - 2*c. What are the prime factors of n(-3)?
2, 3
Suppose t - 4 + 1 = 0. Let s = 48 - 10. Suppose 5*k = s - t. List the prime factors of k.
7
Let p(j) = -j**3 + 14*j**2 - 2*j - 12. What are the prime factors of p(12)?
2, 3, 7
Suppose -6*t - 1050 = -12*t. What are the prime factors of t?
5, 7
Suppose 5*k - 2*r - 98 = 41, 3*k + 5*r = 71. Suppose 2*p = -p + k. What are the prime factors of p?
3
Suppose -4*o + o + 19 = -2*n, -o + 23 = -4*n. Let i(l) be the third derivative of l**6/120 + l**5/12 + l**3 - l**2. List the prime factors of i(n).
2, 3
Let y(t) = -t + 1. Let c be y(-12). Suppose g + 2*n - c = 0, 5*n - 56 = -4*g + n. What are the prime factors of g?
3, 5
Suppose -3*m + 2*m - 4*k = -12, 5*m + 2*k = 24. Suppose 3*i - 8 = -4*q, -m*i - q = -0*q - 15. List the prime factors of (-164)/(-10) + i/(-10).
2
Let k be (-140)/(-4)*2/5. Let s(t) = 3*t - 18. List the prime factors of s(k).
2, 3
Let f(j) = j + 27. What are the prime factors of f(-9)?
2, 3
Let p(x) = -x**3 + 2*x**2 + x + 1. Let b be p(2). Suppose b*k = k + 26. What are the prime factors of k?
13
Let r(y) = 5*y**2 + 2*y - 3. What are the prime factors of r(3)?
2, 3
Suppose p + 253 = -4*c + 4*p, 194 = -3*c - 2*p. Let j = 97 + c. List the prime factors of j.
3, 11
Let a(j) = j**3 + 8*j**2 - 10*j - 5. Let o be a(-9). Let x = o + 9. What are the prime factors of x?
13
Suppose -6*p + 150 = -p. List the prime factors of p.
2, 3, 5
Let a be (-6 - 29) + (0 - -1). Let f = a + 106. Suppose 5*m - 3 = f. What are the prime factors of m?
3, 5
List the prime factors of 30/4*(-12)/(-5).
2, 3
What are the prime factors of ((-114)/(-4))/(15/80)?
2, 19
Let w be 12*(3 + -1) + -1. Suppose 6*p - 2*p - 52 = 0. Let d = w - p. What are the prime factors of d?
2, 5
Suppose 0*w - 9 = -3*w. Suppose -w*u - 25 = -7. Let o(t) = -t**3 - 5*t**2 + 5*t + 6. What are the prime factors of o(u)?
2, 3
Suppose 0 = -2*m + 5*d + 265, m - d = -3*m + 557. What are the prime factors of m?
2, 5, 7
Let c = 40 + 14. List the prime factors of c.
2, 3
Let g(m) be the first derivative of m**3/3 - 3*m**2 + m + 1. Suppose 7*l = 5*l + 14. List the prime factors of g(l).
2
Let q(m) = -m - 1. Let k(g) = g**3 - 4*g**2 - 6*g + 4. Let t be k(5). Let z be q(t). Suppose 0 = -z*h - h + 13. List the prime factors of h.
13
Let h = 6 + -3. Suppose 0 = -q - 2, h*q + 0*q + 4 = -z. List the prime factors of (z/(-1))/1*-4.
2
Let m be (1 - -1)*2/4. Suppose m + 11 = 3*b. List the prime factors of b.
2
Let s(x) = 2*x**2 + 18*x - 13. What are the prime factors of s(-10)?
7
Let s = -51 - -114. What are the prime factors of s?
3, 7
Suppose -m + 0 + 3 = 0. Suppose -m*f - 28 = -2*p, -p - 2*f = -2*p + 12. What are the prime factors of p?
2, 5
Let b = 7 + -3. What are the prime factors of b?
2
Let y = 27 + -14. Suppose 4*x = 109 - y. Let l = -13 + x. List the prime factors of l.
11
Suppose -22*c - 260 = -27*c. What are the prime factors of c?
2, 13
Let f = 538 - 376. What are the prime factors of f?
2, 3
Let f(r) = r**3 + 8*r**2 - r + 7. Let q be f(-8). Let s = q - 8. What are the prime factors of s?
7
Let d = -4 - -4. Suppose 0 = -d*h - 2*h + 6. Suppose -18 - 15 = -h*g. What are the prime factors of g?
11
Suppose -c + 23 = -17. Suppose -o = -6*o + c. List the prime factors of o.
2
Let z be ((0 - -1) + -4)/(-1). Suppose d + 4 = z*d. Suppose v + 3*v - 10 = -d*w, 2*w - 2 = 0. List the prime factors of v.
2
Suppose -6 = 2*p - 4*m - 0, 4*p + 6 = 2*m. Let r = 4 + p. List the prime factors of r.
3
List the prime factors of -2 - ((3 - 15) + -4).
2, 7
Let c(t) = t**2 + 2*t + 4. Let l be c(-3). Suppose 3*p - 17 = -p - b, l = p + 3*b. List the prime factors of p.
2
Suppose -2*g =